l be a(g). Calculate the greatest common factor of l and 46.
23
Suppose -12*k + 2*k = -600. Calculate the highest common divisor of 36 and k.
12
Suppose -17*q + 75 = 8*q. Let s be -1 + (-6)/(-3) + 2. What is the highest common factor of q and s?
3
Suppose -w = -4*w + 36. Let j = 0 + 3. Suppose -c = c + 4*l + 4, 7 = -c - j*l. Calculate the highest common divisor of c and w.
4
Let g(m) = 2*m**2 + 7*m - 11. Let t be g(3). What is the greatest common divisor of t and 112?
28
Let f = 198 + -134. Calculate the highest common divisor of 8 and f.
8
Suppose -2*c - 7*t + 5*t + 286 = 0, -3*c - 5*t + 435 = 0. Calculate the highest common factor of c and 56.
28
Suppose -12 - 38 = -2*y. Suppose -5*u = -0*u - y. Suppose u*v = 6*v - 56. What is the greatest common divisor of 7 and v?
7
Let z(r) = -8*r + 91. Let k be z(7). What is the highest common factor of 1365 and k?
35
Let d be -412*(-6 - (4 - 7)). Let h be 4/10 + d/60. Calculate the greatest common factor of h and 105.
21
Let x be 12/(-20) - (-2316)/10. Let f be (-4)/14 - (-447)/21. What is the highest common divisor of f and x?
21
Let p(s) = -16*s + 6. Let q be p(-9). Suppose -6*n + 4 + 86 = 0. Calculate the greatest common factor of q and n.
15
Let y be (-3)/2 - (-35)/14. Let m be 1 + -3 + y + 30. Calculate the highest common divisor of 116 and m.
29
Let u(y) = -2*y**2 + 8*y - 11. Let v be u(-9). Let s = v - -357. What is the greatest common factor of s and 16?
16
Let x be (0 - -12*(-1)/9)*-318. Calculate the greatest common divisor of x and 1166.
106
Suppose -396 = -b + 4*r, -186 = -b + 5*r + 212. Suppose 0 = -4*t + 3*s + 741, 2*t = -s - s + b. Calculate the highest common divisor of t and 21.
21
Let t(d) = -d**3 - 10*d**2 - 14*d - 29. Let x be t(-9). What is the highest common divisor of x and 464?
16
Let y(w) = w**3 + 10*w**2 + 10*w + 9. Let a be y(-9). Suppose 5*x = 5*r - 4*r - 30, -3*r + 2*x + 90 = a. Calculate the greatest common factor of r and 75.
15
Let a be -140*5/((-60)/6). Calculate the greatest common factor of 385 and a.
35
Let o(m) = m**2 + 4*m - 1. Let v be o(-5). Suppose 13 = v*y - 7. Suppose 112*a + 49*a + 114*a = 4125. Calculate the highest common divisor of a and y.
5
Let z be (-13 + -7)*-35 + 3. What is the greatest common factor of z and 19?
19
Let q(j) = -j**3 + 5*j**2 + 7*j - 30. Let d be q(3). Calculate the greatest common factor of 1 and d.
1
Let n be (-2 + 3 + 2)*188/6. Let l = n + -59. What is the highest common factor of l and 14?
7
Let t = -1591 - -2563. What is the highest common divisor of t and 36?
36
Let c be (6/5)/((-1)/(-5)). Let h be 30/(3 + 0)*132/20. What is the greatest common factor of c and h?
6
Suppose -6*m - 21 = 57. Let c = m - -25. What is the highest common divisor of 96 and c?
12
Suppose 68 = b + 38. Calculate the greatest common divisor of 45 and b.
15
Suppose -5*u - 16 = 5*d - 46, 0 = -3*d - 2*u + 20. Let p(j) = 22*j - 2. Let g be p(3). Calculate the highest common factor of d and g.
8
Let h be (481 - 1)*((-1280)/(-60) - 16). Calculate the highest common factor of 10 and h.
10
Let u = 401 + -184. What is the greatest common factor of u and 31?
31
Suppose 3*l - 11 = t, 4*t + 25 = 4*l - 3. Suppose 0 = l*k + m - 49, -k + 0 = -4*m - 2. Calculate the highest common factor of k and 33.
11
Let z(c) = 29*c + 470. Let r be z(14). What is the greatest common divisor of r and 12?
12
Let t be 9/4 + (-7)/28. Suppose 0 = -t*d - d + 84. Calculate the greatest common factor of d and 4.
4
Suppose 0 = -4*l - 7 + 35. Suppose 3*o = l*o - 12. Suppose -y - o*y + 72 = 0. What is the greatest common divisor of 9 and y?
9
Let i be (-519)/(-15) - (-184)/(-115). Calculate the highest common divisor of i and 121.
11
Suppose -4*b - 2*n + 13 + 7 = 0, -4 = -n. Suppose 0 = -4*f, 3*x - 15 = -0*x + f. Let t = 8 - x. What is the highest common factor of b and t?
3
Let l = 2950 + -2077. What is the greatest common factor of l and 97?
97
Let q = -25 - -55. Suppose 5*a - q - 10 = -2*y, -3*a = 5*y - 62. Calculate the highest common factor of 40 and y.
10
Let l be 68 - ((-8)/(-2) + -6). Suppose 75 = 6*x + 15. Calculate the highest common factor of x and l.
10
Let c = -6 - -20. Let u = 525 + -361. Suppose u = 3*j + x, -3*x - 2*x - 188 = -3*j. Calculate the greatest common divisor of c and j.
14
Suppose 4*q + 2*s = -6, 4*s = -3*q - 0*s - 12. Suppose q = 3*i + 8 - 26. Let l be ((-10)/8)/(i/(-24)). What is the highest common divisor of l and 25?
5
Suppose 4 = 11*y - 95. What is the highest common factor of 36 and y?
9
Let j be 84 + 5 + 1 + -9. Let r(c) = 2*c**3 - 4*c**2 - 2*c - 2. Suppose -20 = 3*a - 8*a. Let i be r(a). Calculate the greatest common factor of i and j.
27
Let t = 63 + -54. Let z(d) = -d**3 - 5*d**2 - 5*d + 2. Let g be z(-5). What is the highest common divisor of t and g?
9
Suppose -87*p + 5*k - 208 = -89*p, -20 = -5*k. What is the greatest common divisor of p and 799?
47
Let n = 33 + 36. What is the highest common divisor of n and 207?
69
Let u(v) = v**3 - 15*v**2 + 11*v + 15. Let y be u(14). Let c = y - -34. Calculate the greatest common factor of c and 7.
7
Suppose -9*a + 742 = -554. Calculate the greatest common factor of a and 16.
16
Let n(i) = 6*i + 8. Let c be n(6). Suppose 7*p - 40 = c. What is the highest common divisor of 30 and p?
6
Let f(k) = 3*k**2 + k. Let l be f(-3). Calculate the greatest common factor of 888 and l.
24
Let a be (22/33)/(4/6). Let f be (a - 2)/((-2)/10). Suppose -5*d = -f*i + 76 + 149, -2*d - 130 = -3*i. Calculate the highest common divisor of i and 5.
5
Let o be 12/8 + 828/24. What is the highest common divisor of 900 and o?
36
Suppose -2*q - 46 = 2*v + 2*v, -q + 3*v = 18. Let g = 25 + q. Calculate the highest common factor of g and 28.
4
Suppose 3*g = -2*r + 37, 4*r - 5*g - 63 = -0*r. Let b be (-55)/(-4) - r/(-68). What is the greatest common factor of 28 and b?
14
Suppose -2*t + 2 + 4 = 0. Suppose -3*g + 8 = -1. Suppose -g*p - 6 = -n + p, -4*n = -t*p - 24. What is the highest common divisor of 24 and n?
6
Suppose -5*f - 240 = -17*f. What is the highest common divisor of 80 and f?
20
Let p = 65 - 28. Suppose p = 7*m - 12. Let d(c) = 3*c**3 - 3*c**2 - c - 2. Let n be d(3). Calculate the greatest common divisor of m and n.
7
Let x be ((-33)/(-55))/((-1)/(-220)*2). Let q be (2/(-5))/(7/(-385)). What is the highest common divisor of q and x?
22
Let s be (-36)/(-10)*70/21. Let k be 3/s + (-2 - (-309)/12). Calculate the highest common divisor of 36 and k.
12
Suppose 15*o - 638 - 217 = 0. Calculate the highest common divisor of 627 and o.
57
Suppose -2 + 0 = -d. Suppose 0 = d*g + 15 - 63. Let k(w) = 2*w**2 - 15*w - 5. Let y be k(-5). What is the greatest common divisor of y and g?
24
Suppose 0 = -5*d + 5*c + 1145, -c + 0*c = -2. Suppose -g = -17 - 16. What is the greatest common divisor of d and g?
33
Suppose -212 = -2*v + 142. Suppose -5*u + v = 57. What is the highest common factor of 168 and u?
24
Let s(i) = 10*i + 161. Let f be s(-14). Calculate the greatest common divisor of 7 and f.
7
Let i = 268 + -255. Calculate the highest common divisor of 26 and i.
13
Suppose -3 = i - 51. Suppose 3*w = 6*w - i. What is the highest common divisor of 64 and w?
16
Suppose 0 = -a - 2*x + 92, -4*x - 445 = -5*a + 1. Calculate the highest common factor of a and 50.
10
Suppose -33*d = -26*d - 3087. What is the greatest common divisor of 27 and d?
9
Suppose 10 = -2*n - 14. Let g be n/(11/((-11)/2)). What is the highest common factor of g and 22?
2
Let q = -29 - -19. Let x = q + 65. What is the greatest common divisor of 22 and x?
11
Let l = 2085 - 2069. What is the highest common divisor of 292 and l?
4
Let s(v) = 3*v**2 + 9*v + 37. Let l be s(10). Calculate the highest common factor of l and 7.
7
Suppose -3*d = -2*d - 8. Suppose d*g - 3*g = -220. Let q be ((-55)/g)/(2/24). Calculate the greatest common factor of q and 135.
15
Let y = 30 + -9. Suppose 0 = -3*s + o - 5*o + 5, 3*s - o = 10. Suppose -s*f = -4*m + 19, -3*f = 2*m - 23 - 0. Calculate the greatest common divisor of y and m.
7
Suppose 16*i - 13*i - 144 = 0. Let g(l) = -l**3 + 6*l**2 + 2*l + 2. Let f be g(3). Suppose 5*s - 25 = f. What is the greatest common divisor of s and i?
12
Suppose 2*s = -6*s + 560. Suppose 3*g - 6 = -0*g. Let h be 26 + -1*g + 4. What is the highest common factor of h and s?
14
Let g